12 + 7*l**3/6 + 6*l - 5. Give p(z).
8
Suppose 102*f = 100*f + 4. Let t(g) = -g**2 + g - 1. Determine t(f).
-3
Let h(f) = f**3 - 5*f**2 + 2*f - 1. Suppose -5*d + 377 = 87. Let q = 63 - d. What is h(q)?
9
Let s(o) = 14*o**2 - 121*o**3 - 5*o**2 + 120*o**3 - 9 - 8*o. Determine s(8).
-9
Let h(k) = -3*k - 21. Suppose 0 = 9*z - 109 + 253. Calculate h(z).
27
Let n(t) = -2*t - 3. Suppose 2*s - 18 = p - 3*s, 0 = 5*p + 5*s. Let l be p/2 + (0 - 3/6). Calculate n(l).
1
Let l(y) = 3*y**2 - 17*y + 5. Let i(w) = -5*w**2 + 26*w - 7. Let r(z) = -5*i(z) - 8*l(z). Let u = -3 - 3. Calculate r(u).
-5
Let j(t) be the third derivative of -t**4/8 + 8*t**3/3 - 81*t**2. Calculate j(7).
-5
Let p(k) = k - 3. Let j be p(6). Let v = 24 - -46. Let c(r) = -35*r + v*r - 38*r. Calculate c(j).
-9
Let z(s) = 1 + 1288*s**3 - 1289*s**3 + 6*s**2 - 7 + 3 - 5*s. Let h(b) = -b**2 - 5*b + 4. Let p be h(-5). Calculate z(p).
9
Let g(r) = -2*r**3 + r**2 + 1. Let m(o) = 11*o**3 - 8*o**2 - 4*o. Let a(v) = -5*g(v) - m(v). Give a(4).
-5
Let x(b) = -48*b**2 - 21*b + 1. Let y(w) = -26*w**2 - 11*w. Let q(z) = 6*x(z) - 11*y(z). Determine q(-5).
-19
Let x(r) = 26*r - 6. Let i be x(0). Let v(p) = -p**2 + 9*p - 6. Let s be v(8). Let m(h) = 0 + 3 + 1 + s*h. Calculate m(i).
-8
Let q(p) = -p**3 + 13*p**2 - 11*p - 7. Let s be q(12). Let m(u) = 3*u**2 + s*u - 54 - u**3 + 26 + 31. Calculate m(4).
7
Let t(y) = -6*y - 2. Let q(z) = 6*z**2 - 2*z - 10 - 18*z**2 - 6*z + 11*z**2. Let d be q(-6). Give t(d).
-14
Suppose 2*b = -4*t + 22, 0*t - 20 = -4*t - 4*b. Let a(x) = -x**3 - 31*x + 40*x - t + 1 + 5*x**2. Calculate a(6).
13
Let i(v) be the second derivative of v**3/3 - 23*v**2/2 + v. Let j(r) = r - 15. Let l(o) = 5*i(o) - 8*j(o). Let t be -1*(-2)/6*-15. Give l(t).
-5
Let c(t) = 2*t - t + 549 - 565. What is c(18)?
2
Let m(a) be the third derivative of a**5/60 + 5*a**4/24 + 5*a**2. Suppose 4*j + 2 - 26 = 0. Suppose 2*d - f + 4 = 0, -d - f + j*f + 16 = 0. Calculate m(d).
-4
Let s(m) = 4*m + 4*m - 9*m - 3 - 5*m**2 + 2*m**2 - 4*m. What is s(-3)?
-15
Let g(f) = f**2 - 2*f. Let k(t) = t**2 + 2*t - 12. Let b be ((-3)/(-9))/((1 - -3)/(-60)). Let z be k(b). Determine g(z).
3
Let d(b) be the second derivative of 3*b**2/2 - 40*b. Let x(f) = f**2 + 2. Let k(u) = -3*d(u) + 4*x(u). Give k(-1).
3
Suppose -6*v = 101 + 181. Let t = -44 - v. Let i(m) = -m**3 + 5*m**2 - 5*m + 4. Determine i(t).
7
Let c(t) be the first derivative of 1/4*t**4 + 22 - 2*t**2 + 4/3*t**3 + 3*t. Give c(-5).
-2
Let f = 27 - 17. Let l(n) = -2 + 5*n + n - n**2 + f - 2*n. Let t(d) = d**3 + 5*d**2 + 3*d - 3. Let s be t(-3). Calculate l(s).
-4
Let h(u) = -1. Let i(g) = -3*g + 8. Let k(r) = 6*h(r) + i(r). Let d = 9437 + -9431. Calculate k(d).
-16
Let x(p) = -p**3 + 7*p**2 + 8*p + 5. Let i = -28 - -32. Let j = 12 - i. Give x(j).
5
Let q(g) = -g**3 + 6*g**2 + 17*g - 9. Let o be q(8). Let j be (0/1)/(3 + o). Let b(s) = s**2 - 9. What is b(j)?
-9
Let f(k) = -3 + 4*k**3 - 18*k**2 + 2*k**3 - 5 + 2*k**2 - 7*k**3 - 16*k. Determine f(-15).
7
Let i(w) = -w - 3. Let a be (6 + -13)*(-3 + 2). Determine i(a).
-10
Let u(h) = -6*h**2 - 12*h - 35. Let z(l) = 5*l**2 + 11*l + 31. Let m(f) = -6*u(f) - 7*z(f). Determine m(-3).
17
Let q = 2 + 6. Suppose -15*o = -q*o - 35. Let z(x) = x**2 - 4*x. Determine z(o).
5
Let k = 6 - -2. Let y(d) = d**3 - 13*d**2 + 8*d - 5. Let p(j) = j**3 - 15*j**2 + 8*j - 4. Let c(f) = 2*p(f) - 3*y(f). Calculate c(k).
7
Let j = -10 + 7. Let v = j + 8. Suppose -v*n - 14 = 6. Let i(m) = m**2 + 4*m + 2. What is i(n)?
2
Let t(h) = h + 12. Let r be 10/(-25)*-1 - (-513)/(-95). Give t(r).
7
Let r = -272/11 + 827/33. Let h(w) be the first derivative of -w**2 - r*w**3 - 4*w + 8. What is h(-3)?
-7
Let m(g) = g**3 + 6*g**2 - 10*g - 6. Let w(b) = b**2 - 3*b. Let h(n) = m(n) - 2*w(n). Let i = -4 + -1. Determine h(i).
-11
Let n(m) = 0*m - 1 + 10*m - m - 15*m - m**2. Suppose -3 = -5*a + 12. Suppose -s - 1 = a. Give n(s).
7
Let s(w) be the third derivative of w**6/120 + 2*w**5/15 + w**4/3 + w**3/6 - 34*w**2. Calculate s(-7).
-6
Suppose -3*s = 4*j - 1 + 5, -5*j - s + 6 = 0. Let m(c) = c**3 - 3*c**2 + c - 3. Calculate m(j).
-5
Let j = 60 + -1. Let x = j - 59. Let b(p) = -2 - p - 3 + p**2 + 0*p. Calculate b(x).
-5
Let b(i) be the first derivative of -7*i**2 - 16. What is b(1)?
-14
Let g(y) = y**3 - 8*y**2 - 8*y - 7. Let f be g(9). Let u(b) = -b + b - 4*b**f + 0*b**2. Calculate u(-1).
-4
Let b(m) = m**2 + 10*m - 2. Let c be b(-10). Let j(q) be the second derivative of -q**4/6 - q**3/3 - q**2/2 - 10*q. Calculate j(c).
-5
Suppose 0 = -4*z + 3*y - 2*y - 27, -5*z = 2*y + 50. Suppose 2*s + 3*s = -35. Let j = z - s. Let p(u) = -u**2 + 1. Give p(j).
0
Let a(i) be the second derivative of 13*i**3/6 - i**2/2 + 207*i. Determine a(-1).
-14
Suppose 0 = -2*s + 7*s - 80. Let i = s + -13. Let x(f) = 28 - i*f - 28. Calculate x(2).
-6
Let w = 6 + -10. Let a(s) = s**2 + 21*s - 20. Let b be a(-22). Let d(m) = -2*m**b + 3*m**2 + 1 + 0 + 6*m + 4. Give d(w).
-3
Suppose 15 - 6 = g. Let v(f) = -12 + 3*f + g + 3*f - 2*f. Determine v(2).
5
Let u(k) be the first derivative of k**4/4 - 4*k**3 + k**2/2 - 8*k + 4. Let r be u(12). Let t(l) = -l**3 - l + 3 + 5*l**3 - 3*l**3 - 4*l**2. Determine t(r).
-1
Let l = 295 - 294. Let p(x) = 21*x**2 + 1. Calculate p(l).
22
Suppose 10 = 2*r + 3*r. Let n(j) = 6 - j**r - 1 - 4 + 9*j. What is n(8)?
9
Let s(r) = -r**2 - 2*r + 37. Let h be s(-7). Let y(z) be the first derivative of 4 - 2*z - 7/2*z**h. Determine y(-2).
12
Suppose 3*j - 41 = -4*b, -j - 4*b + 3*b + 12 = 0. Let w(m) = j + m + 0 + 30*m**2 - m**3 - 29*m**2. Suppose -z + 4*a = 16, 0*z - 2*z = -5*a + 20. Give w(z).
7
Let q(j) = -3*j - 39. Let l(w) = -w - 1. Let u(g) = l(g) - q(g). Determine u(-22).
-6
Let v(t) be the second derivative of -t**4/12 + t**3 - 7*t**2/2 + t. Let b be 44/(-36) + 1 - 4/(-18). Suppose b = 7*l - 47 + 5. Determine v(l).
-7
Let i(d) = -d**3 + 5*d**2 - 5*d + 2. Let n be 100/(3/3*1). Let v = -97 + n. What is i(v)?
5
Let d(q) = -69*q**2 + 7*q + 32*q**2 - 1 + 36*q**2. Suppose -b + 0*b - 5*f = 7, 5*b + 5*f + 55 = 0. Let i be 2/8 + (-69)/b. Calculate d(i).
5
Suppose 0 = 2*i - 2*j - 16, -4*j - 1 + 5 = 2*i. Let s(g) = 37*g**2 - 9*g**2 + 7 - 18*g**2 + 5*g - 17*g**2 + g**3. Determine s(i).
1
Let y = -10 + 15. Let f(l) = l**2 + 9*l + 3 + 6*l + y - 6*l. What is f(-6)?
-10
Let l(c) = -c**2 - 10*c + 12. Suppose -4*y + 50 = -9*y. Let q be l(y). Suppose -4*v = -5*b - 16, -3*b + 5*v - q = -5. Let m(o) = o**2 + 2*o - 1. Give m(b).
7
Let k(u) = -2*u**2 - u - 5. Let a = 243 + -247. Give k(a).
-33
Let y(a) = -a**3 - a**2 - a + 10. Let k = -24 + 24. Suppose 5*o = -k*o + 4*o. What is y(o)?
10
Let z(i) be the first derivative of 2 + 0*i**2 + i + 3/4*i**4 - 1/3*i**3. What is z(-1)?
-3
Let b(o) = 13*o**2 + 34*o + 46. Let l(x) = 11*x**2 + 32*x + 46. Let s(d) = -5*b(d) + 6*l(d). Determine s(-19).
-11
Let w(h) be the third derivative of -h**7/2520 + h**6/60 + h**5/20 - 10*h**2. Let x(d) be the third derivative of w(d). Give x(8).
-4
Let t(n) = 27*n + 5 + 34*n - 18 - 8 - 58*n. Give t(7).
0
Let g(o) = -14*o**2 + 9*o + 7. Let d(k) = 17*k**2 - 10*k - 9. Let h(x) = 5*d(x) + 6*g(x). Determine h(-6).
9
Let m(u) = -u**2 + 6*u - 6. Let g(b) = b + 14. Let s be g(-7). Let j be 48/4 - 24/6. Suppose s*q - 5*q = j. What is m(q)?
2
Let o(k) = -k**3 + 6*k**2 - 5*k + 1. Let c = -5 + 21. Let g = c - 2. Suppose 2*q = -0*q - 4*r + g, -3*q + 3*r = -12. What is o(q)?
1
Let n be -5 + (-16)/(-8 + 4) - 4/(-2). Let c(z) = -5*z**3 + 3*z**2 - 4*z + 1. Let a(x) = -x**3 + x**2 - x. Let u(o) = 2*a(o) - c(o). Calculate u(n).
3
Let l(u) = -u**3 + 3*u**2 + 4*u + 3. Let d(g) = g**3 - 8*g**2 + 6*g + 11. Let w be d(7). Give l(w).
3
Let p = -31 - -34. Let l(h) = 6 + 6*h - p*h - 8 - h. Determine l(4).
6
Let o = -696 + 697. Let x(k) be the first derivative of -7*k**2/2 - 1. What is x(o)?
-7
Let n(u) = 44*u + 13. Let g(j) = -6*j + 1. Let f(y) = 6*g(y) + n(y). Determine f(-8).
-45
Suppose -4 = u - 5*u. Suppose 3*k - u = -13. Let g(c) = 5*c**3 + 1 + 3*c - c**2 - 1 + 5*c**2 - 4*c**3 + 4. Determine g(k).
-8
Suppose -4*o = 55 - 23. Let d(k) = -k**2 - 8*k - 11. Calculate d(o).
-11
Let d be (-30)/9*-4*(-15)/(-40). Let c(n) = -n**3 - n**2 + n. Let l(g) = 5*g**3 - g**2 - 6*g - 7. Let h(m) = 4*c(m) + l(m). What is h(d)?
-17
Let u(h) be the second derivative of -h**3/6